{"id":2184,"date":"2025-01-09T14:24:34","date_gmt":"2025-01-09T13:24:34","guid":{"rendered":"https:\/\/reflek.be\/inspiratie\/elegante-toiture-a-lamelles-avec-finition-sans-joints-a-baal\/"},"modified":"2025-04-02T15:34:19","modified_gmt":"2025-04-02T13:34:19","slug":"elegante-toiture-bioclimatique-avec-finition-sans-joints-a-baal","status":"publish","type":"inspiratie","link":"https:\/\/reflek.be\/fr\/inspiratie\/elegante-toiture-bioclimatique-avec-finition-sans-joints-a-baal\/","title":{"rendered":"\u00c9l\u00e9gante toiture bioclimatique avec finition sans joints \u00e0 Baal"},"content":{"rendered":"","protected":false},"featured_media":1755,"template":"","categories":[34,36],"class_list":["post-2184","inspiratie","type-inspiratie","status-publish","has-post-thumbnail","hentry","category-canopee","category-ecrans"],"acf":[],"yoast_head":"<!-- This site is optimized with the Yoast SEO plugin v27.0 - https:\/\/yoast.com\/product\/yoast-seo-wordpress\/ -->\n<title>\u00c9l\u00e9gante toiture bioclimatique avec finition sans joints \u00e0 Baal<\/title>\n<meta name=\"description\" content=\"Une toiture bioclimatique s&#039;est av\u00e9r\u00e9 \u00eatre le choix parfait pour fournir un pare-vent tout en conservant une sensation d&#039;ouverture.\" \/>\n<meta name=\"robots\" content=\"index, follow, max-snippet:-1, max-image-preview:large, max-video-preview:-1\" \/>\n<link rel=\"canonical\" href=\"https:\/\/reflek.be\/fr\/inspiratie\/elegante-toiture-bioclimatique-avec-finition-sans-joints-a-baal\/\" \/>\n<meta property=\"og:locale\" content=\"fr_FR\" \/>\n<meta property=\"og:type\" content=\"article\" \/>\n<meta property=\"og:title\" content=\"\u00c9l\u00e9gante toiture bioclimatique avec finition sans joints \u00e0 Baal\" \/>\n<meta property=\"og:description\" content=\"Une toiture bioclimatique s&#039;est av\u00e9r\u00e9 \u00eatre le choix parfait pour fournir un pare-vent tout en conservant une sensation d&#039;ouverture.\" \/>\n<meta property=\"og:url\" content=\"https:\/\/reflek.be\/fr\/inspiratie\/elegante-toiture-bioclimatique-avec-finition-sans-joints-a-baal\/\" \/>\n<meta property=\"og:site_name\" content=\"Reflek\" \/>\n<meta property=\"article:modified_time\" content=\"2025-04-02T13:34:19+00:00\" \/>\n<meta name=\"twitter:card\" content=\"summary_large_image\" \/>\n<meta name=\"twitter:label1\" content=\"Dur\u00e9e de lecture estim\u00e9e\" \/>\n\t<meta name=\"twitter:data1\" content=\"1 minute\" \/>\n<script type=\"application\/ld+json\" class=\"yoast-schema-graph\">{\"@context\":\"https:\/\/schema.org\",\"@graph\":[{\"@type\":\"WebPage\",\"@id\":\"https:\/\/reflek.be\/fr\/inspiratie\/elegante-toiture-bioclimatique-avec-finition-sans-joints-a-baal\/\",\"url\":\"https:\/\/reflek.be\/fr\/inspiratie\/elegante-toiture-bioclimatique-avec-finition-sans-joints-a-baal\/\",\"name\":\"\u00c9l\u00e9gante toiture bioclimatique avec finition sans joints \u00e0 Baal\",\"isPartOf\":{\"@id\":\"https:\/\/reflek.be\/fr\/#website\"},\"primaryImageOfPage\":{\"@id\":\"https:\/\/reflek.be\/fr\/inspiratie\/elegante-toiture-bioclimatique-avec-finition-sans-joints-a-baal\/#primaryimage\"},\"image\":{\"@id\":\"https:\/\/reflek.be\/fr\/inspiratie\/elegante-toiture-bioclimatique-avec-finition-sans-joints-a-baal\/#primaryimage\"},\"thumbnailUrl\":\"https:\/\/reflek.be\/wp-content\/uploads\/2025\/01\/IMG_7733-scaled.jpg\",\"datePublished\":\"2025-01-09T13:24:34+00:00\",\"dateModified\":\"2025-04-02T13:34:19+00:00\",\"description\":\"Une toiture bioclimatique s'est av\u00e9r\u00e9 \u00eatre le choix parfait pour fournir un pare-vent tout en conservant une sensation d'ouverture.\",\"breadcrumb\":{\"@id\":\"https:\/\/reflek.be\/fr\/inspiratie\/elegante-toiture-bioclimatique-avec-finition-sans-joints-a-baal\/#breadcrumb\"},\"inLanguage\":\"fr-FR\",\"potentialAction\":[{\"@type\":\"ReadAction\",\"target\":[\"https:\/\/reflek.be\/fr\/inspiratie\/elegante-toiture-bioclimatique-avec-finition-sans-joints-a-baal\/\"]}]},{\"@type\":\"ImageObject\",\"inLanguage\":\"fr-FR\",\"@id\":\"https:\/\/reflek.be\/fr\/inspiratie\/elegante-toiture-bioclimatique-avec-finition-sans-joints-a-baal\/#primaryimage\",\"url\":\"https:\/\/reflek.be\/wp-content\/uploads\/2025\/01\/IMG_7733-scaled.jpg\",\"contentUrl\":\"https:\/\/reflek.be\/wp-content\/uploads\/2025\/01\/IMG_7733-scaled.jpg\",\"width\":2560,\"height\":1920},{\"@type\":\"BreadcrumbList\",\"@id\":\"https:\/\/reflek.be\/fr\/inspiratie\/elegante-toiture-bioclimatique-avec-finition-sans-joints-a-baal\/#breadcrumb\",\"itemListElement\":[{\"@type\":\"ListItem\",\"position\":1,\"name\":\"Home\",\"item\":\"https:\/\/reflek.be\/fr\/\"},{\"@type\":\"ListItem\",\"position\":2,\"name\":\"\u00c9l\u00e9gante toiture bioclimatique avec finition sans joints \u00e0 Baal\"}]},{\"@type\":\"WebSite\",\"@id\":\"https:\/\/reflek.be\/fr\/#website\",\"url\":\"https:\/\/reflek.be\/fr\/\",\"name\":\"Reflek\",\"description\":\"Stijlvolle oplossingen voor jouw leefruimte\",\"publisher\":{\"@id\":\"https:\/\/reflek.be\/fr\/#organization\"},\"potentialAction\":[{\"@type\":\"SearchAction\",\"target\":{\"@type\":\"EntryPoint\",\"urlTemplate\":\"https:\/\/reflek.be\/fr\/?s={search_term_string}\"},\"query-input\":{\"@type\":\"PropertyValueSpecification\",\"valueRequired\":true,\"valueName\":\"search_term_string\"}}],\"inLanguage\":\"fr-FR\"},{\"@type\":\"Organization\",\"@id\":\"https:\/\/reflek.be\/fr\/#organization\",\"name\":\"Reflek\",\"url\":\"https:\/\/reflek.be\/fr\/\",\"logo\":{\"@type\":\"ImageObject\",\"inLanguage\":\"fr-FR\",\"@id\":\"https:\/\/reflek.be\/fr\/#\/schema\/logo\/image\/\",\"url\":\"https:\/\/reflek.be\/wp-content\/uploads\/2024\/12\/Reflek-Logo.png\",\"contentUrl\":\"https:\/\/reflek.be\/wp-content\/uploads\/2024\/12\/Reflek-Logo.png\",\"width\":1250,\"height\":723,\"caption\":\"Reflek\"},\"image\":{\"@id\":\"https:\/\/reflek.be\/fr\/#\/schema\/logo\/image\/\"}}]}<\/script>\n<!-- \/ Yoast SEO plugin. -->","yoast_head_json":{"title":"\u00c9l\u00e9gante toiture bioclimatique avec finition sans joints \u00e0 Baal","description":"Une toiture bioclimatique s'est av\u00e9r\u00e9 \u00eatre le choix parfait pour fournir un pare-vent tout en conservant une sensation d'ouverture.","robots":{"index":"index","follow":"follow","max-snippet":"max-snippet:-1","max-image-preview":"max-image-preview:large","max-video-preview":"max-video-preview:-1"},"canonical":"https:\/\/reflek.be\/fr\/inspiratie\/elegante-toiture-bioclimatique-avec-finition-sans-joints-a-baal\/","og_locale":"fr_FR","og_type":"article","og_title":"\u00c9l\u00e9gante toiture bioclimatique avec finition sans joints \u00e0 Baal","og_description":"Une toiture bioclimatique s'est av\u00e9r\u00e9 \u00eatre le choix parfait pour fournir un pare-vent tout en conservant une sensation d'ouverture.","og_url":"https:\/\/reflek.be\/fr\/inspiratie\/elegante-toiture-bioclimatique-avec-finition-sans-joints-a-baal\/","og_site_name":"Reflek","article_modified_time":"2025-04-02T13:34:19+00:00","twitter_card":"summary_large_image","twitter_misc":{"Dur\u00e9e de lecture estim\u00e9e":"1 minute"},"schema":{"@context":"https:\/\/schema.org","@graph":[{"@type":"WebPage","@id":"https:\/\/reflek.be\/fr\/inspiratie\/elegante-toiture-bioclimatique-avec-finition-sans-joints-a-baal\/","url":"https:\/\/reflek.be\/fr\/inspiratie\/elegante-toiture-bioclimatique-avec-finition-sans-joints-a-baal\/","name":"\u00c9l\u00e9gante toiture bioclimatique avec finition sans joints \u00e0 Baal","isPartOf":{"@id":"https:\/\/reflek.be\/fr\/#website"},"primaryImageOfPage":{"@id":"https:\/\/reflek.be\/fr\/inspiratie\/elegante-toiture-bioclimatique-avec-finition-sans-joints-a-baal\/#primaryimage"},"image":{"@id":"https:\/\/reflek.be\/fr\/inspiratie\/elegante-toiture-bioclimatique-avec-finition-sans-joints-a-baal\/#primaryimage"},"thumbnailUrl":"https:\/\/reflek.be\/wp-content\/uploads\/2025\/01\/IMG_7733-scaled.jpg","datePublished":"2025-01-09T13:24:34+00:00","dateModified":"2025-04-02T13:34:19+00:00","description":"Une toiture bioclimatique s'est av\u00e9r\u00e9 \u00eatre le choix parfait pour fournir un pare-vent tout en conservant une sensation d'ouverture.","breadcrumb":{"@id":"https:\/\/reflek.be\/fr\/inspiratie\/elegante-toiture-bioclimatique-avec-finition-sans-joints-a-baal\/#breadcrumb"},"inLanguage":"fr-FR","potentialAction":[{"@type":"ReadAction","target":["https:\/\/reflek.be\/fr\/inspiratie\/elegante-toiture-bioclimatique-avec-finition-sans-joints-a-baal\/"]}]},{"@type":"ImageObject","inLanguage":"fr-FR","@id":"https:\/\/reflek.be\/fr\/inspiratie\/elegante-toiture-bioclimatique-avec-finition-sans-joints-a-baal\/#primaryimage","url":"https:\/\/reflek.be\/wp-content\/uploads\/2025\/01\/IMG_7733-scaled.jpg","contentUrl":"https:\/\/reflek.be\/wp-content\/uploads\/2025\/01\/IMG_7733-scaled.jpg","width":2560,"height":1920},{"@type":"BreadcrumbList","@id":"https:\/\/reflek.be\/fr\/inspiratie\/elegante-toiture-bioclimatique-avec-finition-sans-joints-a-baal\/#breadcrumb","itemListElement":[{"@type":"ListItem","position":1,"name":"Home","item":"https:\/\/reflek.be\/fr\/"},{"@type":"ListItem","position":2,"name":"\u00c9l\u00e9gante toiture bioclimatique avec finition sans joints \u00e0 Baal"}]},{"@type":"WebSite","@id":"https:\/\/reflek.be\/fr\/#website","url":"https:\/\/reflek.be\/fr\/","name":"Reflek","description":"Stijlvolle oplossingen voor jouw leefruimte","publisher":{"@id":"https:\/\/reflek.be\/fr\/#organization"},"potentialAction":[{"@type":"SearchAction","target":{"@type":"EntryPoint","urlTemplate":"https:\/\/reflek.be\/fr\/?s={search_term_string}"},"query-input":{"@type":"PropertyValueSpecification","valueRequired":true,"valueName":"search_term_string"}}],"inLanguage":"fr-FR"},{"@type":"Organization","@id":"https:\/\/reflek.be\/fr\/#organization","name":"Reflek","url":"https:\/\/reflek.be\/fr\/","logo":{"@type":"ImageObject","inLanguage":"fr-FR","@id":"https:\/\/reflek.be\/fr\/#\/schema\/logo\/image\/","url":"https:\/\/reflek.be\/wp-content\/uploads\/2024\/12\/Reflek-Logo.png","contentUrl":"https:\/\/reflek.be\/wp-content\/uploads\/2024\/12\/Reflek-Logo.png","width":1250,"height":723,"caption":"Reflek"},"image":{"@id":"https:\/\/reflek.be\/fr\/#\/schema\/logo\/image\/"}}]}},"_links":{"self":[{"href":"https:\/\/reflek.be\/fr\/wp-json\/wp\/v2\/inspiratie\/2184","targetHints":{"allow":["GET"]}}],"collection":[{"href":"https:\/\/reflek.be\/fr\/wp-json\/wp\/v2\/inspiratie"}],"about":[{"href":"https:\/\/reflek.be\/fr\/wp-json\/wp\/v2\/types\/inspiratie"}],"wp:featuredmedia":[{"embeddable":true,"href":"https:\/\/reflek.be\/fr\/wp-json\/wp\/v2\/media\/1755"}],"wp:attachment":[{"href":"https:\/\/reflek.be\/fr\/wp-json\/wp\/v2\/media?parent=2184"}],"wp:term":[{"taxonomy":"category","embeddable":true,"href":"https:\/\/reflek.be\/fr\/wp-json\/wp\/v2\/categories?post=2184"}],"curies":[{"name":"wp","href":"https:\/\/api.w.org\/{rel}","templated":true}]}}

Élégante toiture bioclimatique avec finition sans joints à Baal

<!-- This site is optimized with the Yoast SEO plugin v27.0 - https://yoast.com/product/yoast-seo-wordpress/ -->
<title>Élégante toiture bioclimatique avec finition sans joints à Baal</title>
<meta name="description" content="Une toiture bioclimatique s&#039;est avéré être le choix parfait pour fournir un pare-vent tout en conservant une sensation d&#039;ouverture." />
<meta name="robots" content="index, follow, max-snippet:-1, max-image-preview:large, max-video-preview:-1" />
<link rel="canonical" href="https://reflek.be/fr/inspiratie/elegante-toiture-bioclimatique-avec-finition-sans-joints-a-baal/" />
<meta property="og:locale" content="fr_FR" />
<meta property="og:type" content="article" />
<meta property="og:title" content="Élégante toiture bioclimatique avec finition sans joints à Baal" />
<meta property="og:description" content="Une toiture bioclimatique s&#039;est avéré être le choix parfait pour fournir un pare-vent tout en conservant une sensation d&#039;ouverture." />
<meta property="og:url" content="https://reflek.be/fr/inspiratie/elegante-toiture-bioclimatique-avec-finition-sans-joints-a-baal/" />
<meta property="og:site_name" content="Reflek" />
<meta property="article:modified_time" content="2025-04-02T13:34:19+00:00" />
<meta name="twitter:card" content="summary_large_image" />
<meta name="twitter:label1" content="Durée de lecture estimée" />
	<meta name="twitter:data1" content="1 minute" />
<script type="application/ld+json" class="yoast-schema-graph">{"@context":"https://schema.org","@graph":[{"@type":"WebPage","@id":"https://reflek.be/fr/inspiratie/elegante-toiture-bioclimatique-avec-finition-sans-joints-a-baal/","url":"https://reflek.be/fr/inspiratie/elegante-toiture-bioclimatique-avec-finition-sans-joints-a-baal/","name":"Élégante toiture bioclimatique avec finition sans joints à Baal","isPartOf":{"@id":"https://reflek.be/fr/#website"},"primaryImageOfPage":{"@id":"https://reflek.be/fr/inspiratie/elegante-toiture-bioclimatique-avec-finition-sans-joints-a-baal/#primaryimage"},"image":{"@id":"https://reflek.be/fr/inspiratie/elegante-toiture-bioclimatique-avec-finition-sans-joints-a-baal/#primaryimage"},"thumbnailUrl":"https://reflek.be/wp-content/uploads/2025/01/IMG_7733-scaled.jpg","datePublished":"2025-01-09T13:24:34+00:00","dateModified":"2025-04-02T13:34:19+00:00","description":"Une toiture bioclimatique s'est avéré être le choix parfait pour fournir un pare-vent tout en conservant une sensation d'ouverture.","breadcrumb":{"@id":"https://reflek.be/fr/inspiratie/elegante-toiture-bioclimatique-avec-finition-sans-joints-a-baal/#breadcrumb"},"inLanguage":"fr-FR","potentialAction":[{"@type":"ReadAction","target":["https://reflek.be/fr/inspiratie/elegante-toiture-bioclimatique-avec-finition-sans-joints-a-baal/"]}]},{"@type":"ImageObject","inLanguage":"fr-FR","@id":"https://reflek.be/fr/inspiratie/elegante-toiture-bioclimatique-avec-finition-sans-joints-a-baal/#primaryimage","url":"https://reflek.be/wp-content/uploads/2025/01/IMG_7733-scaled.jpg","contentUrl":"https://reflek.be/wp-content/uploads/2025/01/IMG_7733-scaled.jpg","width":2560,"height":1920},{"@type":"BreadcrumbList","@id":"https://reflek.be/fr/inspiratie/elegante-toiture-bioclimatique-avec-finition-sans-joints-a-baal/#breadcrumb","itemListElement":[{"@type":"ListItem","position":1,"name":"Home","item":"https://reflek.be/fr/"},{"@type":"ListItem","position":2,"name":"Élégante toiture bioclimatique avec finition sans joints à Baal"}]},{"@type":"WebSite","@id":"https://reflek.be/fr/#website","url":"https://reflek.be/fr/","name":"Reflek","description":"Stijlvolle oplossingen voor jouw leefruimte","publisher":{"@id":"https://reflek.be/fr/#organization"},"potentialAction":[{"@type":"SearchAction","target":{"@type":"EntryPoint","urlTemplate":"https://reflek.be/fr/?s={search_term_string}"},"query-input":{"@type":"PropertyValueSpecification","valueRequired":true,"valueName":"search_term_string"}}],"inLanguage":"fr-FR"},{"@type":"Organization","@id":"https://reflek.be/fr/#organization","name":"Reflek","url":"https://reflek.be/fr/","logo":{"@type":"ImageObject","inLanguage":"fr-FR","@id":"https://reflek.be/fr/#/schema/logo/image/","url":"https://reflek.be/wp-content/uploads/2024/12/Reflek-Logo.png","contentUrl":"https://reflek.be/wp-content/uploads/2024/12/Reflek-Logo.png","width":1250,"height":723,"caption":"Reflek"},"image":{"@id":"https://reflek.be/fr/#/schema/logo/image/"}}]}</script>
<!-- / Yoast SEO plugin. -->

Une toiture bioclimatique s'est avéré être le choix parfait pour fournir un pare-vent tout en conservant une sensation d'ouverture.
